595?
9
What is the ten thousands digit of 22875?
2
What is the units digit of 1769?
9
What is the hundreds digit of 12115?
1
What is the thousands digit of 24631?
4
What is the thousands digit of 75441?
5
What is the units digit of 13632?
2
What is the tens digit of 6535?
3
What is the ten thousands digit of 42364?
4
What is the thousands digit of 3110?
3
What is the hundreds digit of 10113?
1
What is the tens digit of 1119?
1
What is the tens digit of 2057?
5
What is the hundreds digit of 24338?
3
What is the hundreds digit of 3965?
9
What is the hundred thousands digit of 108099?
1
What is the tens digit of 8342?
4
What is the units digit of 114?
4
What is the thousands digit of 23605?
3
What is the thousands digit of 7969?
7
What is the ten thousands digit of 38612?
3
What is the units digit of 2840?
0
What is the hundreds digit of 13187?
1
What is the hundreds digit of 970?
9
What is the thousands digit of 2287?
2
What is the hundreds digit of 871?
8
What is the hundreds digit of 19042?
0
What is the units digit of 153?
3
What is the thousands digit of 89452?
9
What is the thousands digit of 109236?
9
What is the tens digit of 1983?
8
What is the tens digit of 62835?
3
What is the ten thousands digit of 68827?
6
What is the ten thousands digit of 44835?
4
What is the units digit of 4601?
1
What is the hundreds digit of 461?
4
What is the tens digit of 27?
2
What is the hundreds digit of 1118?
1
What is the tens digit of 103907?
0
What is the thousands digit of 1418?
1
What is the thousands digit of 2039?
2
What is the units digit of 915?
5
What is the thousands digit of 1196?
1
What is the tens digit of 3097?
9
What is the hundreds digit of 100218?
2
What is the thousands digit of 3232?
3
What is the thousands digit of 30655?
0
What is the thousands digit of 30199?
0
What is the units digit of 709?
9
What is the thousands digit of 5414?
5
What is the tens digit of 382?
8
What is the thousands digit of 6632?
6
What is the units digit of 57858?
8
What is the thousands digit of 6691?
6
What is the hundreds digit of 4076?
0
What is the units digit of 23040?
0
What is the units digit of 1224?
4
What is the thousands digit of 32770?
2
What is the units digit of 3334?
4
What is the hundreds digit of 4991?
9
What is the hundreds digit of 2471?
4
What is the hundreds digit of 2145?
1
What is the hundreds digit of 51654?
6
What is the hundreds digit of 5925?
9
What is the thousands digit of 1290?
1
What is the units digit of 12215?
5
What is the hundreds digit of 697?
6
What is the hundreds digit of 39733?
7
What is the units digit of 3224?
4
What is the thousands digit of 20855?
0
What is the ten thousands digit of 23668?
2
What is the tens digit of 4354?
5
What is the units digit of 9232?
2
What is the thousands digit of 1458?
1
What is the units digit of 5074?
4
What is the hundreds digit of 74513?
5
What is the tens digit of 916?
1
What is the tens digit of 95549?
4
What is the thousands digit of 32072?
2
What is the hundreds digit of 2097?
0
What is the thousands digit of 1646?
1
What is the hundreds digit of 4352?
3
What is the units digit of 4358?
8
What is the tens digit of 42347?
4
What is the units digit of 602?
2
What is the hundreds digit of 1579?
5
What is the tens digit of 28436?
3
What is the thousands digit of 24224?
4
What is the tens digit of 7201?
0
What is the thousands digit of 7383?
7
What is the tens digit of 10721?
2
What is the hundreds digit of 18918?
9
What is the units digit of 5586?
6
What is the tens digit of 15540?
4
What is the units digit of 2991?
1
What is the tens digit of 664?
6
What is the hundreds digit of 8180?
1
What is the ten thousands digit of 122583?
2
What is the hundreds digit of 10111?
1
What is the units digit of 910?
0
What is the hundreds digit of 1980?
9
What is the hundreds digit of 23265?
2
What is the tens digit of 11487?
8
What is the hundreds digit of 3667?
6
What is the ten thousands digit of 13649?
1
What is the hundreds digit of 2985?
9
What is the hundreds digit of 13793?
7
What is the thousands digit of 19533?
9
What is the hundreds digit of 415?
4
What is the hundreds digit of 4851?
8
What is the tens digit of 1823?
2
What is the hundreds digit of 1465?
4
What is the hundreds digit of 293?
2
What is the tens digit of 34712?
1
What is the tens digit of 11145?
4
What is the ten thousands digit of 101038?
0
What is the thousands digit of 5224?
5
What is the units digit of 3638?
8
What is the hundreds digit of 1343?
3
What is the thousands digit of 2763?
2
What is the hundreds digit of 805?
8
What is the thousands digit of 9510?
9
What is the tens digit of 21778?
7
What is the ten thousands digit of 11917?
1
What is the units digit of 10481?
1
What is the tens digit of 16030?
3
What is the tens digit of 3731?
3
What is the hundreds digit of 425?
4
What is the tens digit of 747?
4
What is the thousands digit of 27189?
7
What is the hundreds digit of 2818?
8
What is the hundreds digit of 4065?
0
What is the thousands digit of 2683?
2
What is the thousands digit of 2994?
2
What is the thousands digit of 62637?
2
What is the tens digit of 4145?
4
What is the units digit of 24991?
1
What is the hundreds digit of 2656?
6
What is the tens digit of 819?
1
What is the hundreds digit of 822?
8
What is the hundreds digit of 153568?
5
What is the tens digit of 37731?
3
What is the hundreds digit of 1525?
5
What is the tens digit of 1068?
6
What is the ten thousands digit of 15455?
1
What is the thousands digit of 58636?
8
What is the ten thousands digit of 76393?
7
What is the thousands digit of 1215?
1
What is the ten thousands digit of 51660?
5
What is the thousands digit of 10026?
0
What is the units digit of 1061?
1
What is the hundreds digit of 88321?
3
What is the tens digit of 4747?
4
What is the hundreds digit of 53236?
2
What is the ten thousands digit of 86836?
8
What is the units digit of 43124?
4
What is the hundreds digit of 42402?
4
What is the hundreds digit of 1216?
2
What is the thousands digit of 104238?
4
What is the units digit of 437?
7
What is the tens digit of 41?
4
What is the tens digit of 186?
8
What is the thousands digit of 7586?
7
What is the hundreds digit of 2754?
7
What is the hundreds digit of 69529?
5
What is the tens digit of 36223?
2
What is the hundreds digit of 634?
6
What is the tens digit of 5928?
2
What is the thousands digit of 19929?
9
What is the thousands digit of 63898?
3
What is the tens digit of 264?
6
What is the units digit of 1418?
8
What is the tens digit of 51063?
6
What is the thousands digit of 8046?
8
What is the units digit of 15273?
3
What is the hundreds digit of 147?
1
What is the units digit of 3653?
3
What is the units digit of 236?
6
What is the hundreds digit of 20896?
8
What is the tens digit of 2404?
0
What is the thousands digit of 73772?
3
What is the thousands digit of 1459?
1
What is the hundreds digit of 946?
9
What is the ten thousands digit of 17530?
1
What is the tens digit of 79?
7
What is the units digit of 94416?
6
What is the tens digit of 11011?
1
What is the units digit of 908?
8
What is the units digit of 870?
0
What is the units digit of 15429?
9
What is the tens digit of 422?
2
What is the thousands digit of 5343?
5
What is the tens digit of 2953?
5
What is the units digit of 3301?
1
What is the thousands digit of 2576?
2
What is the hundreds digit of 47568?
5
What is the ten thousands digit of 149292?
4
What is the tens digit of 1311?
1
What is the thousands digit of 22508?
2
What is the units digit of 93434?
4
What is the tens digit of 20772?
7
What is the ten thousands digit of 34763?
3
What is the tens digit of 559?
5
What is the thousands digit of 21927?
1
What is the hundreds digit of 18877?
8
What is the tens digit of 139?
3
What is the tens digit of 5585?
8
What is the hundreds digit of 1203?
2
What is the tens digit of 80560?
6
What is the thousands digit of 7551?
7
What is the units digit of 40461?
1
What is the tens digit of 1021?
2
What is the units digit of 119?
9
What is the tens digit of 2637?
3
What is the ten thousands digit of 118138?
1
What is the units digit of 83?
3
What is the tens digit of 3331?
3
What is the thousands digit of 5397?
5
What is the tens digit of 41648?
4
What is the ten thousands